-3*j + 6*j. Suppose j = -2*q - 3*q. Let t(y) = q*y**2 + 0*y**2 + y + 3 - y**2. Calculate t(-3).
-9
Let l(c) = 5*c + 2. Let y(s) = -14*s - 6. Let x(g) = 17*l(g) + 6*y(g). Determine x(-6).
-8
Let q(j) = j + 18. Let s be q(-15). Let m(v) = -2*v. Calculate m(s).
-6
Let h(w) be the second derivative of -w**5/20 - w**4/2 + w**2 - 18*w. Determine h(-6).
2
Let k(t) be the third derivative of 0*t + 1/24*t**4 - 1/6*t**3 + 0 + 7*t**2. Give k(-4).
-5
Suppose -8*w = -5*w - 21. Let t(j) = -j**3 + 8*j**2 - 7*j. Determine t(w).
0
Let s(q) = -1. Let a(b) = -b**2 - 3*b - 6. Let h = -17 + 18. Suppose 1 = -r - 4. Let g(d) = h*a(d) + r*s(d). Determine g(-3).
-1
Let i be (3 + -4)/(1/(-4)). Let t = 27 - i. Suppose 3*a + u - 13 = 0, 14 + t = 2*a - 5*u. Let w(l) = l - 4. Give w(a).
2
Let r(v) = 2*v**3 + 4*v**2 + 3*v + 1. Let y = 3 + 0. Suppose 11 = -y*o + 5*c, -5*o = 2*c - 4*c + 12. What is r(o)?
-5
Let z(j) = j - 1. Let v(k) = 3*k - 3. Let q(t) = -3*v(t) + 12*z(t). Calculate q(3).
6
Suppose 2*z - 4 = -0*z. Let r(m) = 0*m - 3*m + z*m - 2. What is r(-1)?
-1
Let b(j) = -2*j + 22. Let d be b(11). Let f(z) = -z**3 - z + 9. Determine f(d).
9
Suppose 2*s - 3*w + 3 = -0, 3*s - 4*w + 2 = 0. Let v = s + 0. Let l(i) = i**2 - 6*i + 3. Determine l(v).
3
Suppose 0 = -4*v - 16. Let z(k) = 0 - 2*k**2 + 0*k**2 + 1 + 3*k**2 + 4*k. Determine z(v).
1
Suppose 5 + 27 = 8*n. Let l(j) = -j**2 + 6*j + 3. What is l(n)?
11
Let g = -21 - -17. Suppose -2*r + 20 = 2*r. Let u(i) = r + i - 2*i**2 - 4*i - i. Give u(g).
-11
Let x(d) be the third derivative of -d**5/60 + d**4/4 + d**3/3 + 4*d**2. Let q(m) = -m. Let o(r) = -5*q(r) - x(r). Calculate o(0).
-2
Let p(i) = 1 + 0*i - 4 - 2 - i. Suppose 3*z + 11 = 4*b, 3*z + 14 = -0*b + b. Determine p(z).
0
Suppose -7 = -i + 1. Suppose -5*o - 6 = -i*o. Let n(s) = s + 1. Calculate n(o).
3
Let v(h) = 2*h**2 - 15*h + 8. Let a(m) = -m**2 + 8*m - 4. Let b(k) = -5*a(k) - 3*v(k). Suppose 10 = 2*i - 0*i. Calculate b(i).
-4
Let t(x) be the first derivative of x**3/3 + 3*x**2/2 + x - 9. Determine t(-2).
-1
Suppose 11*c = 7*c - 12. Let f(s) = 2*s**3 + 6*s**2 - 2*s. Let y(g) = g**3 + 3*g**2 - g. Let a(l) = -6*f(l) + 13*y(l). Determine a(c).
3
Let d(x) = 2*x. Let q(k) = -2*k + 3. Suppose -z + 0*z + 2 = 0. Let c be q(z). Let b be d(c). Let l(r) = -r - 2. Calculate l(b).
0
Let j = -7 + 10. Let o(z) = 3*z**3 - 5*z**3 + 4*z**2 - j*z**2 + z. Determine o(-1).
2
Let d(w) be the second derivative of -5*w**4/12 - 3*w. Let q be d(-1). Let p(j) = j**3 + 4*j**2 - 4*j + 4. What is p(q)?
-1
Let r = 1 + 1. Let m(k) be the third derivative of 7*k**4/24 - k**3/3 - 3*k**2. What is m(r)?
12
Let s(l) be the third derivative of l**5/20 - l**4/6 + l**3/6 - 2*l**2. Calculate s(3).
16
Let v(p) be the first derivative of 4*p**3/3 + p + 53. Determine v(-2).
17
Let g be (-2)/(-6) + 10/6. Suppose -4*v + 20 = 3*a, -4*a + 3 = v - g. Let r(x) = 2*x - 2. Determine r(v).
8
Let b be (0 - 0/(-3))/1. Let i(n) = 0 + b*n + 3*n**2 + 4 + n**3 + 4*n. What is i(-3)?
-8
Let h(k) = 36*k - 8*k**2 + 2 - 41*k - 18*k**3 + 17*k**3. Calculate h(-7).
-12
Let r(u) = -u**3 + 9*u**2 - 9*u + 5. Let y = -2 + 10. Let v be r(y). Let i(a) = a**3 + 2*a**2 - 3*a + 2. Determine i(v).
2
Suppose 0 = -3*x + n + 2*n + 3, -4*x = -2*n + 6. Suppose 0 = -0*k - 2*k + 4. Let c(h) = h + k*h - h + 1. Calculate c(x).
-7
Let z(s) = 7*s**2 + 5*s + 12. Let h(g) = -20*g**2 - 13*g - 35. Let r(p) = -6*h(p) - 17*z(p). Give r(4).
-6
Let y(x) = -x**2 + 8*x - 4. Let f = -32 + 38. What is y(f)?
8
Let p(o) = -o**3 - 6*o**2 - 6*o - 6. Let f be p(-5). Let k(s) = -445 - 4*s + 446 - 2*s + 3*s. Give k(f).
4
Let o(b) = -6*b + 22*b + 7 - 10*b - b**2 - 9*b. Suppose -j + g - 2*g - 4 = 0, g = -4*j - 7. Let u be 2 - (8/1 + j). What is o(u)?
-3
Let f(d) = -2*d**2 + 3*d - 3. Let s be -4 - -14*(-3)/(-6). Suppose -3*h = g + 9, 0 = -g - h + s - 4. Calculate f(g).
-12
Suppose 0 = -3*q + b + 22, 34 = 3*q - 0*b - 4*b. Let s(p) = -3*p + q*p - 2 - p + p. What is s(2)?
4
Let x(w) = -2 - w**2 + 2*w**2 + w**2 + 3*w - 2. Suppose 2*h + 5 + 11 = 0. Let p = 5 + h. Determine x(p).
5
Let z(h) = -h**3 + 4*h**2 + 4. Suppose 0 = 3*m - 2*m. Suppose -c + m*c = 0. Suppose -2*k + 8 = -c. Give z(k).
4
Let h(r) = -r + 10. Let j(s) = -2*s + 22. Let t(x) = 9*h(x) - 4*j(x). Calculate t(5).
-3
Let l(b) = -b**3 + 2 - 172*b**2 + b + 168*b**2 + 4*b. Determine l(-5).
2
Suppose -6 = -4*k + 2. Let z be -5 + k/((-4)/(-6)). Let q(r) = -r**3 - 4*r**2 - 2*r - 2. Determine q(z).
-6
Let b(w) = -3*w - 14. Let a(c) = -c - 5. Let f(v) = 11*a(v) - 4*b(v). Calculate f(-3).
-2
Let v(y) be the second derivative of -1/6*y**3 - 3/2*y**2 - 2*y + 0. Let p be 1 + (-5)/((-10)/(-12)). Give v(p).
2
Let b(k) be the first derivative of k**2/2 - 11*k - 21. Determine b(8).
-3
Let q(r) = r**3 + 4*r**2 - 6*r - 4. Let o = 1 - 4. Let s = o - 2. Determine q(s).
1
Let f = -1 - -3. Suppose 0 = 2*w + f*w. Let t(h) = 9*h - 4*h - 5 - h**2 + w*h**2. Give t(5).
-5
Let a = -25 + 26. Let b be (-8)/(-3) + 2/(-3). Let f(r) = -4*r**2 + 2 + 2*r**b - 1 - 2*r**3. Determine f(a).
-3
Let y(h) = -h + 1. Suppose 38 = 4*l + 3*q, 2*q - 20 = -4*l + 16. Calculate y(l).
-7
Let d(y) = -y**2 - y + 1. Let z(s) = 4*s**2 + 8*s - 9. Let r(g) = -3*d(g) - z(g). Calculate r(-5).
6
Let a(k) be the first derivative of -3*k**2/2 - 5*k - 35. Give a(-4).
7
Let b be (-1)/2 + 1/2. Let u(z) = 3 + z - 3*z + b*z + 0. Calculate u(3).
-3
Suppose r + 10 = 2*p - 3, -5*p + 2*r = -30. Let m(d) = -d**3 + 5*d**2 - 7*d + 6. Give m(p).
-6
Let x(h) = -2*h + 8. Suppose 3*f - 2*u - 4 = -16, 0 = 4*f - 2*u + 18. Calculate x(f).
20
Let l(n) = -n**2 - 3*n + 3. Suppose 2*g = 5*g - 12. Suppose 0 = -5*x - 3*c - 3, 4*x + 0*c + 2*c + g = 0. Calculate l(x).
3
Suppose b = 4*d + 10, 3*b + 2*d = -2*b + 6. Let r(w) be the first derivative of -w**2/2 + 2*w - 12. Give r(b).
0
Let h be 4/(-6)*6 - 0. Let u be (-12)/9*6/h. Let r be 1/u - 21/(-6). Let c(n) = -n. Give c(r).
-4
Let y(w) = w**2 + 5*w - 4. Suppose 0 = -2*i - 2*l - 7 + 1, -3*i = -4*l + 37. Let j = i - -1. What is y(j)?
2
Let b(g) be the third derivative of 0*g + 0 - 1/3*g**3 - 1/120*g**6 + 2*g**2 - 1/12*g**4 + 0*g**5. Calculate b(-2).
10
Let l(c) = -3*c - 3. Let z be l(-1). Let s(t) = -t + 6. What is s(z)?
6
Let v(u) = u + 2. Suppose h + 4 = 1. Let x(w) = 2*w + 3. Let s(d) = h*v(d) + 2*x(d). Give s(-2).
-2
Suppose -5*q + 3*q + 2 = 0. Suppose 5*t - 5*o = 0, -3*t + q = -5*o + 5. Let y(f) be the second derivative of -f**3/6 + 2*f. What is y(t)?
-2
Let b(k) be the third derivative of -k**5/60 - k**4/12 + 4*k**3/3 + 19*k**2. Give b(-6).
-16
Let r(f) be the third derivative of -f**6/120 + f**5/12 + 7*f**4/24 - f**3/3 - f**2 - 11. Let t be (18/8)/((-6)/(-16)). Give r(t).
4
Let z be 1/(((-3)/(-9))/(-1)). Let o(q) = -4*q - q + 6*q - 2. Calculate o(z).
-5
Let l(z) = 4*z + 1. Let v be l(1). Suppose a - 4 = -a. Let u(p) = 4*p + 3*p - p**3 - 1 - 6*p**a + 2*p**3. Give u(v).
9
Suppose -2*w - 10 - 6 = -4*l, 5*l - 3*w - 21 = 0. Let a(y) = -l*y + y**3 + 13 - 2 + 4*y - 2*y**3. What is a(0)?
11
Suppose 3*c - 13 - 2 = 0. Let q(k) = -k**2 + 6*k - 7. Determine q(c).
-2
Let q(b) = -b**2 - 5*b + 5. Suppose 0 = 24*n - 12*n + 72. Determine q(n).
-1
Let b(k) = 2*k + 9. Suppose -5*v = 2*t + 22, -v + 8 = -5*t + 34. Determine b(v).
-3
Let b(g) = g**3 - g**2 + 3*g - 3. Let h be 64/20 + 1/(-5). Suppose 16 = n + h*n + 4*w, 4*n - 4*w = 0. Suppose 0 = -c + 4 - n. Give b(c).
7
Let m(d) = d**3 - 2*d**2 - 6*d + 3. Let s be 2/2 - (-3)/(-3). Suppose j + 0*j - 12 = s. Suppose u - j = -2*u. Give m(u).
11
Let t(j) be the first derivative of 2*j**2 - 2*j - 1/2*j**3 - 3. Let a(i) be the first derivative of t(i). Determine a(3).
-5
Let y be 5 - (4 + -2 - 2). Let i = y - 3. Let h(j) = 5 + j + i*j - 3 + 1. Give h(-3).
-6
Let p(i) = -i**3 + 18*i**2 + 19*i. Let b be p(19). Let v(m) be the second derivative of 5/12*m**4 - m**2 - 2*m - 1/3*m**3 + 1/20*m**5 + b. What is v(-5)?
8
Let z(y) be the second derivative of y**4/4 + 2*y**3/3 - 5*y**2/2 + 3*y. Let g(q) = 5*q**2 + 7*q - 9. Let r(i) = -4*g(i) + 7*z(i). Determine r(-2).
5
Let m(p) = 11*p - 9*p - 5*p - 4 + 2*p**2. Give m(3).
5
Let l(v) be the first derivative of v**2/2 - 4. Suppose q + 2 + 32 = 5*t, -4*q = -t + 3. Suppose 4*s + 8 = -4*x, x = 4*s + t + 1. Calculate l(s).
-2
Let p = 2 + -3. Let x = p - 1. Let k(q) = -q. Give k(x).
2
Let l(q) be